386396119 a prime number?
True
Is 517721511 prime?
False
Is 477518413 composite?
False
Is 1193172161 a composite number?
False
Is 47243413667 prime?
True
Is 4143482111 a composite number?
True
Is 1795448131 a prime number?
False
Is 7108722629 prime?
True
Is 234431 prime?
True
Is 6050682949 a prime number?
True
Is 1614684413 a prime number?
True
Is 382925381 prime?
False
Is 13517734513 prime?
False
Is 593075761 a composite number?
True
Is 1576151723 composite?
True
Is 87068978743 a prime number?
True
Is 13427109517 a prime number?
False
Is 9239507579 a composite number?
False
Is 101749394101 prime?
True
Is 25741121903 prime?
False
Is 33145377295 prime?
False
Is 2984822369 a prime number?
True
Is 1018378111 composite?
False
Is 35592836963 composite?
True
Is 4568503493 a composite number?
False
Is 1147162727 prime?
False
Is 4087065503 a prime number?
True
Is 11493646951 prime?
True
Is 97876828433 composite?
False
Is 39380361617 prime?
True
Is 2949421379 prime?
True
Is 1720103197 a prime number?
False
Is 1436762443 composite?
False
Is 483698543 a prime number?
True
Is 848625487 a prime number?
True
Is 1156274759 a composite number?
True
Is 226430683 prime?
True
Is 128433164839 a prime number?
False
Is 156185899 a prime number?
True
Is 62974801 a composite number?
True
Is 23989856467 a prime number?
True
Is 118675939 prime?
True
Is 8647045097 prime?
False
Is 2626804563 a composite number?
True
Is 5838239053 prime?
True
Is 1522326389 prime?
False
Is 21914095993 composite?
True
Is 2484618317 composite?
False
Is 71986223 prime?
False
Is 629253431 a composite number?
False
Is 180888939929 composite?
False
Is 86525063 prime?
False
Is 2289461519 a prime number?
False
Is 845726059 a composite number?
True
Is 326459851 a composite number?
False
Is 845056367 composite?
False
Is 1117368157 prime?
False
Is 6629103479 a prime number?
True
Is 10422625001 a prime number?
True
Is 2654332873 prime?
False
Is 9166599803 a prime number?
False
Is 537831641 a composite number?
True
Is 2101000799 a prime number?
True
Is 10093011913 a prime number?
True
Is 6191669303 a composite number?
False
Is 717654827 composite?
False
Is 2817819167 prime?
True
Is 52556180381 composite?
False
Is 32102177 composite?
False
Is 1699652419 a prime number?
True
Is 118716291209 a prime number?
False
Is 2796735037 a prime number?
True
Is 11081840843 composite?
False
Is 42023921 composite?
True
Is 68204847047 a composite number?
False
Is 1086034031 a prime number?
False
Is 1485855661 composite?
False
Is 26834839351 composite?
False
Is 113335903847 composite?
False
Is 241558871639 a composite number?
True
Is 45201755383 prime?
False
Is 3433745023 a prime number?
True
Is 19736203463 a prime number?
True
Is 1166295721 a prime number?
True
Is 4561308695 prime?
False
Is 23200287973 a prime number?
True
Is 377136401 prime?
True
Is 9721352167 a composite number?
True
Is 6585549343 a prime number?
False
Is 6569694589 prime?
False
Is 2078236729 a prime number?
True
Is 1991683387 prime?
True
Is 16897951079 composite?
False
Is 1048745051 a composite number?
True
Is 8439603721 a prime number?
False
Is 587096729 composite?
False
Is 5068235797 a prime number?
True
Is 36085789261 prime?
True
Is 8461390957 a prime number?
True
Is 28377193123 composite?
False
Is 22294036867 composite?
False
Is 1690561399 a composite number?
True
Is 2394085247 a prime number?
True
Is 83013550723 a prime number?
False
Is 8470886027 prime?
True
Is 7568485189 a composite number?
False
Is 4725342221 a composite number?
False
Is 14773553065 a prime number?
False
Is 209761751 a prime number?
True
Is 1404013319 prime?
False
Is 3990280319 a prime number?
True
Is 115964419331 prime?
True
Is 4103996033 prime?
False
Is 41548375795 prime?
False
Is 38896086799 a composite number?
False
Is 12946310243 prime?
True
Is 2284730281 a prime number?
False
Is 1402909331 composite?
False
Is 823395967 a composite number?
True
Is 1803789131 composite?
True
Is 124834139 a prime number?
True
Is 6694250833 composite?
True
Is 926262301 a prime number?
True
Is 16607527 composite?
False
Is 5424872521 a prime number?
True
Is 10884088643 a composite number?
True
Is 353511199 a composite number?
False
Is 2362483 a prime number?
True
Is 13366502047 composite?
False
Is 86466921 a composite number?
True
Is 597761693 a prime number?
True
Is 5398761881 a prime number?
True
Is 585508801 composite?
False
Is 4742281997 prime?
False
Is 170640571 composite?
False
Is 22812211759 a prime number?
False
Is 9134303273 a prime number?
False
Is 205830739291 composite?
False
Is 1659738089 a composite number?
True
Is 479727277 a composite number?
False
Is 9897786029 a prime number?
False
Is 52994044879 a prime number?
True
Is 4193962957 a composite number?
False
Is 10552793 composite?
True
Is 21036779669 composite?
False
Is 7989390043 a prime number?
True
Is 42017789519 prime?
True
Is 85895351 composite?
True
Is 16392585499 a prime number?
False
Is 939296909 a prime number?
True
Is 36886471409 prime?
False
Is 87485129 a composite number?
True
Is 2670356751 a composite number?
True
Is 44186128219 prime?
True
Is 233535019 a prime number?
True
Is 4203082963 a prime number?
True
Is 1815392857 a composite number?
False
Is 157445369 composite?
True
Is 159574261907 prime?
True
Is 6332197331 a composite number?
True
Is 6294717047 composite?
False
Is 4246309751 prime?
False
Is 10349758213 a composite number?
False
Is 665437529 a prime number?
True
Is 727421719 a composite number?
False
Is 7724862251 composite?
True
Is 79008647 a composite number?
False
Is 23448319 a composite number?
True
Is 130784752789 a prime number?
True
Is 4521578989 composite?
True
Is 606585061 a composite number?
False
Is 1311950113 a prime number?
False
Is 1029775853 prime?
True
Is 539896006147 a prime number?
True
Is 80775799 a prime number?
False
Is 420542797 prime?
False
Is 10262962111 a composite number?
True
Is 331717901 a prime number?
True
Is 17780540927 a composite number?
True
Is 1395276769 prime?
False
Is 1869243947 composite?
True
Is 71363933353 a prime number?
False
Is 3511874749 composite?
False
Is 935790797 a prime number?
True
Is 684080563 composite?
False
Is 541096453 composite?
False
Is 41681831879 prime?
False
Is 6165606023 a prime number?
False
Is 261066431 a prime number?
True
Is 13474624049 a prime number?
True
Is 46877468219 prime?
False
Is 3168182321 a composite number?
False
Is 758579947 prime?
True
Is 17807538071 a prime number?
True
Is 1319934211 a prime number?
True
Is 70605576497 a prime number?
True
Is 8400759077 a prime number?
True
Is 1087451311 prime?
True
Is 2069079847 a prime number?
True
Is 6605638631 a prime number?
True
Is 10280266877 composite?
True
Is 94525721 prime?
True
Is 1820941517 a composite number?
True
Is 308231332361 a composite number?
True
Is 850083461 composite?
True
Is 2671990009 a prime number?
False
Is 12807364093 composite?
False
Is 20401701689 a composite number?
False
Is 5246442079 prime?
True
Is 2225980067 prime?
True
Is 145134380999 composite?
False
Is 14253467299 a composite number?
False
Is 5306035447 prime?
False
Is 417039361 prime?
True
Is 786486347 a prime number?
True
Is 226841933 a prime number?
True
Is 11287911247 a composite number?
True
Is 13797883667 prime?
False
Is 34370486 a composite number?
True
Is 10274914523 composite?
False
Is 234620929 composite?
True
Is 21102553783 a prime number?
True
Is 2642235877 composite?
False
Is 1233590887 composite?
False
Is 217348433 a composite number?
False
Is 18797567 a prime number?
True
Is 25118057 a composite number?
True
Is 21529073 a prime number?
False
Is 14006330837 prime?
False
Is 4350023911 a prime number?
True
Is 1038797477 composite?
False
Is 49166760323 a prime number?
False
Is 75950202193 a prime number?
False
Is 1249390247 prime?
False
Is 7157703401 a composite number?
False
Is 173578681 a composite number?
False
Is 4848952663 a prime number?
False
Is 19255396241 composite?
False
Is 95042011573 prime?
False
Is 27133722565 composite?
True
Is 12626733517 a composite number?
False
Is 132356941 prime?
True
Is 5643118267 composite?
False
Is 56230236701 prime?
True
Is 1430402693 a prime number?
True
Is 27422548753 composite?
True
Is 219935766611 a composite number?
True
Is 2863934147 prime?
Fals